0?
False
Is 4 a factor of 75?
False
Is 5629 a multiple of 9?
False
Is 34 a factor of 21964?
True
Does 122 divide 4625?
False
Is 380 a multiple of 20?
True
Does 11 divide 55?
True
Does 19 divide 63313?
False
Is 17 a factor of 459?
True
Is 3065 even?
False
Is 736 a multiple of 10?
False
Is 3064 a multiple of 6?
False
Is 3379 a multiple of 31?
True
Is 587 a multiple of 9?
False
Is 93248 a multiple of 64?
True
Does 68 divide 10336?
True
Is 11 a factor of 264?
True
Is 155 a factor of 44485?
True
Is 74 a factor of 23162?
True
Is 11 a factor of 4610?
False
Does 2 divide 937?
False
Does 11 divide 12078?
True
Is 200 a factor of 119200?
True
Does 35 divide 735?
True
Does 108 divide 31701?
False
Is 304 a multiple of 11?
False
Is 9 a factor of 339?
False
Is 312 a multiple of 4?
True
Is 8 a factor of 9395?
False
Is 1520 a multiple of 76?
True
Is 23309 a multiple of 14?
False
Is 9 a factor of 2799?
True
Is 9 a factor of 8740?
False
Is 13920 a multiple of 96?
True
Does 14 divide 3221?
False
Does 8 divide 552?
True
Is 6 a factor of 6994?
False
Does 17 divide 522?
False
Does 33 divide 103?
False
Is 6 a multiple of 3?
True
Does 160 divide 7962?
False
Is 11 a factor of 645?
False
Does 65 divide 53920?
False
Is 282 a multiple of 63?
False
Is 26 a factor of 520?
True
Does 42 divide 7393?
False
Is 10 a factor of 2750?
True
Does 2 divide 1004?
True
Is 63 a factor of 23310?
True
Is 3411 a multiple of 11?
False
Is 5292 a multiple of 84?
True
Is 152 a factor of 44806?
False
Is 68 a factor of 748?
True
Does 26 divide 13985?
False
Is 16873 a multiple of 47?
True
Is 7 a factor of 147?
True
Does 18 divide 751?
False
Is 3545 a multiple of 67?
False
Is 506 a multiple of 11?
True
Is 21 a factor of 14415?
False
Is 432 a multiple of 16?
True
Does 13 divide 1755?
True
Does 76 divide 43472?
True
Is 62 a factor of 7263?
False
Is 633 a multiple of 27?
False
Is 69 a factor of 5037?
True
Does 40 divide 53238?
False
Does 50 divide 400?
True
Is 7 a factor of 1295?
True
Is 420 a multiple of 12?
True
Is 2107 even?
False
Is 29 a factor of 2106?
False
Is 1032 a multiple of 24?
True
Is 4409 a multiple of 152?
False
Does 66 divide 957?
False
Is 668 a multiple of 87?
False
Is 2632 a multiple of 7?
True
Is 6 a factor of 13815?
False
Is 60 a factor of 900?
True
Is 511 a multiple of 37?
False
Is 84 a factor of 96516?
True
Is 6 a factor of 761?
False
Does 81 divide 2106?
True
Is 733 a multiple of 22?
False
Is 611 a multiple of 13?
True
Does 8 divide 19512?
True
Is 59 a factor of 60652?
True
Does 68 divide 5522?
False
Is 1280 a multiple of 20?
True
Is 7 a factor of 112?
True
Does 16 divide 344?
False
Is 50 a multiple of 5?
True
Is 7 a factor of 2050?
False
Does 63 divide 189?
True
Is 305 a multiple of 45?
False
Is 62 a factor of 1092?
False
Is 154 a multiple of 77?
True
Does 33 divide 660?
True
Is 20097 a multiple of 9?
True
Is 292 a multiple of 7?
False
Is 2379 a multiple of 5?
False
Is 50 a multiple of 12?
False
Is 69935 a multiple of 109?
False
Is 5 a factor of 127?
False
Is 14 a factor of 1694?
True
Is 658 a multiple of 11?
False
Does 7 divide 914?
False
Does 21 divide 7197?
False
Does 19 divide 4047?
True
Is 19 a factor of 776?
False
Does 52 divide 4888?
True
Is 17082 a multiple of 73?
True
Is 197 a factor of 5633?
False
Is 27 a factor of 351?
True
Is 71548 a multiple of 78?
False
Is 2565 a multiple of 31?
False
Is 468 a multiple of 6?
True
Is 14 a factor of 9854?
False
Does 20 divide 5685?
False
Does 14 divide 588?
True
Does 3 divide 165?
True
Is 13 a factor of 1018?
False
Is 783 a multiple of 87?
True
Is 975 a multiple of 27?
False
Is 26 a factor of 1488?
False
Is 443 a multiple of 8?
False
Does 16 divide 245?
False
Does 20 divide 5360?
True
Is 52 a factor of 784?
False
Does 30 divide 9597?
False
Is 1222 a multiple of 26?
True
Is 46 a factor of 1777?
False
Does 62 divide 2294?
True
Does 4 divide 11940?
True
Does 8 divide 13?
False
Does 21 divide 2163?
True
Is 52823 a multiple of 12?
False
Is 3 a factor of 3559?
False
Is 14780 a multiple of 139?
False
Is 47 a factor of 94?
True
Is 17 a factor of 8381?
True
Does 8 divide 142?
False
Does 24 divide 429?
False
Is 14332 a multiple of 95?
False
Is 3 a factor of 353?
False
Is 131 a factor of 48260?
False
Does 17 divide 3182?
False
Does 17 divide 20978?
True
Is 23 a factor of 1534?
False
Does 14 divide 125209?
False
Does 12 divide 17266?
False
Does 34 divide 945?
False
Is 1518 a multiple of 22?
True
Is 66 a factor of 8580?
True
Is 9 a factor of 5943?
False
Is 76 a factor of 2254?
False
Is 48 a factor of 2268?
False
Is 34 a factor of 7446?
True
Does 228 divide 19633?
False
Is 71 a factor of 1338?
False
Is 591 a multiple of 83?
False
Is 10208 a multiple of 8?
True
Is 10 a factor of 13565?
False
Does 30 divide 9210?
True
Is 39 a factor of 425?
False
Is 3 a factor of 78?
True
Is 11 a factor of 2761?
True
Is 169 a factor of 45171?
False
Does 11 divide 2255?
True
Is 1222 a multiple of 6?
False
Does 52 divide 154752?
True
Does 15 divide 1869?
False
Is 27 a factor of 2102?
False
Does 41 divide 51591?
False
Does 4 divide 25?
False
Does 2 divide 6387?
False
Is 962 a multiple of 7?
False
Does 17 divide 1785?
True
Does 50 divide 1600?
True
Is 37791 a multiple of 51?
True
Is 125 a multiple of 40?
False
Is 20 a factor of 6180?
True
Does 4 divide 158?
False
Is 57 a factor of 1311?
True
Does 4 divide 544?
True
Does 3 divide 592?
False
Is 3022 a multiple of 24?
False
Does 7 divide 7262?
False
Is 38 a factor of 54459?
False
Is 18 a factor of 1134?
True
Is 23780 a multiple of 58?
True
Does 37 divide 148?
True
Is 14 a factor of 2744?
True
Is 277 a factor of 37395?
True
Does 41 divide 12054?
True
Is 37570 a multiple of 41?
False
Does 16 divide 416?
True
Is 43843 a multiple of 13?
False
Is 1264 a multiple of 107?
False
Does 25 divide 4450?
True
Does 44 divide 3842?
False
Does 71 divide 11644?
True
Is 10 a factor of 555?
False
Is 21664 a multiple of 34?
False
Is 7 a factor of 786?
False
Is 59 a factor of 4243?
False
Is 44 a factor of 23875?
False
Is 13888 a multiple of 64?
True
Does 13 divide 31889?
True
Does 19 divide 380?
True
Does 2 divide 217?
False
Does 13 divide 1235?
True
Does 5 divide 640?
True
Is 652 a multiple of 9?
False
Is 3 a factor of 855?
True
Does 18 divide 1224?
True
Is 37 a factor of 2702?
False
Is 44 a factor of 14710?
False
Is 14 a factor of 49434?
True
Does 14 divide 20314?
True
Is 49 a factor of 1960?
True
Is 99 a multiple of 25?
False
Does 7 divide 5950?
True
Is 24948 a multiple of 21?
True
Is 54 a factor of 2022?
False
Is 4 a factor of 1036?
True
Is 3 a factor of 738?
True
Is 191 a factor of 1650?
False
Is 18 a factor of 2574?
True
Does 33 divide 26905?
False
Is 28 a factor of 6608?
True
Is 123 a multiple of 3?
True
Is 2340 a multiple of 36?
True
Is 31353 a multiple of 10?
False
Does 11 divide 32?
False
Is 13 a factor of 173?
False
Is 303 a multiple of 8?
False
Does 47 divide 9447?
True
Is 14 a factor of 52976?
True
Does 25 divide 1525?
True
Is 449 a multiple of 19?
False
Is 105 a factor of 5319?
False
Does 19 divide 3572?
True
Is 24 a factor of 3976?
False
Is 4493 a multiple of 3?
False
Is 4 a factor of 416?
True
Is 14784 a multiple of 112?
True
Is 3713 a multiple of 61?
False
Is 50952 a multiple of 14?
False
Is 16 a multiple of 2?
True
Is 225 a multiple of 45?
True
Does 9 divide 9060?
False
Does 59 divide 27022?
True
Is 11 a factor of 902?
True
Is 32443 a multiple of 55?
False
Is 4 a factor of 441?
False
Does 16 divide 1048?
False
Is 53360 a multiple of 16?
True
Is 7 a factor of 252?
True
Is 163 a factor of 3912?
True
Does 32 divide 1854?
False
Does 9 divide 1060?
False
Is 4902 a multiple of 19?
True
Is 46 a factor of 739?
False
Does 28 divide 799?
False
Is 2836 a multiple of 27?
False
Does 150 divide 5242?
False
Is 94135 a multiple of 14?
False
Does 15 divide 1815?
True
Is 71 a factor of 2425?
False
Is 10680 a multiple of 15?
True
Is 15 a factor of 902?
False
Is 6 a factor of 192?
True
Does 13 divide 22896?
False
Is 4135 a multiple of 59?
False
Does 111 divide 8408?
False
Does 95 divide 2375?
True
Does 29 divide 136?
False
Is 37 a factor of 146582?
False
Is 86 a factor of 33285?
False
Is 6693 a multiple of 69?
True
Is 7 a factor of 14?
True
Is 35 a factor of 117536?
False
Is 9310 a multiple of 8?
False
Is 4397 a multiple of 258?
False
Is 48